*d**3 - 2*d**2 - 3*d - 46. Determine k(-3).
53
Let w(i) = -i**2 - 48*i - 553. Calculate w(-29).
-2
Let t(a) = -73*a + 1493. What is t(20)?
33
Let b(h) = 8*h**2 - 70*h - 11. Determine b(9).
7
Let f(s) = s**2 + 79*s + 1171. What is f(-18)?
73
Let t(d) = -13*d + 118. Calculate t(-3).
157
Let u(z) = 57*z**2 + 4958*z - 80. Determine u(-87).
7
Let g(f) = 339*f + 2825. What is g(-9)?
-226
Let t(p) = p**3 + 9*p**2 - p + 6. Determine t(-7).
111
Let f(k) = -k**3 + k**2 + 2*k + 143. Determine f(0).
143
Let u(s) = 23*s**2 - 28*s + 16. What is u(-3)?
307
Let b(i) = -50*i - 5287. Give b(-106).
13
Let t(a) = -6*a**2 + 76*a + 40. Give t(0).
40
Let o(j) = 46*j - 2062. Give o(46).
54
Let c(t) = 8*t**2 - 3*t + 27. Give c(-5).
242
Let o(s) = -s**3 - 5*s**2 + 2*s + 3. What is o(-7)?
87
Let a(q) = -86*q + 2161. Determine a(25).
11
Let n(h) = 5903*h - 4. Give n(0).
-4
Let s(k) = 4*k**2 - 2081*k + 10300. Calculate s(5).
-5
Let s(g) = -298*g - 2054. Calculate s(-7).
32
Let j(d) = -223*d + 147. Calculate j(1).
-76
Let n(o) = o**2 + 58*o + 310. What is n(-6)?
-2
Let c(s) = -s**3 - 44*s**2 + 193*s + 44. What is c(-48)?
-4
Let f(m) = 4*m**2 - 7*m + 24. Determine f(3).
39
Let w(k) = -k**2 - 14*k + 1476. Give w(32).
4
Let m(y) = -y**3 + 15*y**2 - 558*y + 5647. Determine m(11).
-7
Let f(u) = -4*u**2 + 187*u + 817. Give f(-4).
5
Let j(v) = -142*v - 1122. What is j(-8)?
14
Let k(h) = h**3 + 63*h**2 + 341*h - 64. What is k(-57)?
-7
Let m(h) = -h**3 - 107*h**2 + 212*h - 626. Determine m(-109).
28
Let u(g) = g**3 - 12*g**2 + 23*g - 36. Determine u(10).
-6
Let u(l) = l**2 + 28*l - 416. Determine u(12).
64
Let c(i) = 20*i - 1303. Calculate c(62).
-63
Let m(r) = -110*r + 889. Calculate m(5).
339
Let z(i) = -2039*i - 30585. Determine z(-15).
0
Let m(t) = t**3 - 3*t**2 + 3*t + 68. Give m(0).
68
Let v(t) = -t**3 - 12*t**2 + 44*t - 26. Calculate v(-15).
-11
Let m(p) = 5*p**2 + 108*p - 36. Determine m(-20).
-196
Let j(y) = 66432*y - 132864. Determine j(2).
0
Let n(c) = -c**3 + 5*c**2 - 163*c - 561. Calculate n(-3).
0
Let y(h) = -369*h**3 - 20*h**2 + 20*h. Determine y(1).
-369
Let t(u) = -u**2 - 53*u - 73. What is t(-53)?
-73
Let c(g) = -83*g + 869. What is c(10)?
39
Let w(q) = 2*q**2 + 15*q - 3. What is w(-8)?
5
Let k(x) = 54*x - 1620. Determine k(31).
54
Let d(a) = -a**3 + 15*a**2 - 16*a - 19. Calculate d(12).
221
Let w(s) = 132*s - 9988. Calculate w(76).
44
Let j(z) = -13*z**2 - 361*z - 31. Determine j(-28).
-115
Let l(a) = -157*a + 18931. Calculate l(120).
91
Let n(j) = j**3 - 17*j**2 + 77*j - 64. Determine n(6).
2
Let d(p) = p**3 - 14*p**2 + 29*p - 7. Give d(12).
53
Let j(s) = -3*s + 7. Determine j(0).
7
Let q(t) = -29*t + 546. What is q(20)?
-34
Let m(k) = 4*k**3 - 8*k**2 + 4*k - 1. What is m(3)?
47
Let s(z) = -z**3 + 3*z**2 + 5*z + 11. Calculate s(4).
15
Let j(d) = -3*d**2 + 28*d + 60. Determine j(-2).
-8
Let g(b) = 66*b - 9830. Determine g(149).
4
Let y(n) = 3*n**2 - 38*n + 67. Determine y(10).
-13
Let w(g) = -g**3 - 13*g**2 - 10*g - 22. Determine w(-12).
-46
Let r(f) = -f**2 - 26*f - 108. Determine r(-19).
25
Let p(a) = 30*a + 93. What is p(-1)?
63
Let k(o) = 45*o - 1682. Calculate k(27).
-467
Let l(z) = 3*z**3 + 58*z**2 - 37*z + 53. Give l(-20).
-7
Let g(d) = 65*d + 196. Give g(-3).
1
Let t(y) = -170*y + 2396. Give t(14).
16
Let b(j) = -j**2 + 51*j - 478. What is b(20)?
142
Let n(i) = 13*i - 827. What is n(59)?
-60
Let r(h) = h**3 + 19*h**2 - 68*h + 9. Give r(-22).
53
Let h(u) = 34*u**2 - 539*u - 1079. What is h(-2)?
135
Let p(k) = k**3 - 23*k**2 - 24*k + 20. Give p(23).
-532
Let u(w) = 569*w - 3224. Calculate u(5).
-379
Let w(r) = -961*r - 1759. Give w(-2).
163
Let j(r) = r**3 + 11*r**2 + 4*r - 163. What is j(-7)?
5
Let n(c) = -85*c**3 + 18*c + 32. What is n(-2)?
676
Let n(d) = -5*d**2 - 96*d + 196. Calculate n(2).
-16
Let q(x) = -3*x**2 - 46*x + 487. Determine q(-22).
47
Let s(o) = -4*o - 53. Calculate s(-16).
11
Let p(o) = -320*o**3 + o**2 + 3*o - 3. What is p(1)?
-319
Let f(u) = -2*u**2 + 72*u - 135. Determine f(2).
1
Let v(m) = -9*m + 51. Give v(5).
6
Let u(h) = h**3 + 15*h**2 + 11*h - 47. What is u(-11)?
316
Let o(l) = -l**2 - 76*l - 281. Give o(-4).
7
Let j(u) = u**2 + 1295*u - 5232. Determine j(4).
-36
Let i(m) = m**2 - 25*m - 141. Give i(-11).
255
Let q(c) = -8*c**2 + 63*c + 127. Give q(-2).
-31
Let s(m) = -121*m + 1352. What is s(11)?
21
Let v(b) = 90*b + 1827. Give v(-20).
27
Let x(i) = 88*i - 406. Calculate x(5).
34
Let w(i) = 63*i + 4976. Calculate w(-79).
-1
Let l(b) = -2*b**2 + 9012*b - 9014. What is l(1)?
-4
Let f(u) = 451*u - 12671. Give f(28).
-43
Let r(b) = -41*b - 1176. Calculate r(-29).
13
Let u(w) = 113*w + 10287. What is u(-91)?
4
Let i(k) = -301*k + 5. Give i(-1).
306
Let s(t) = 3*t**2 - 92*t + 214. What is s(29)?
69
Let n(i) = -i**3 - 14*i**2 + i + 54. Determine n(-14).
40
Let d(p) = 71*p + 1491. Calculate d(-19).
142
Let a(g) = -g**2 - 168*g - 2450. Give a(-21).
637
Let k(d) = 23*d - 25. What is k(5)?
90
Let h(z) = 4*z**3 + 24*z**2 - 62*z. Calculate h(3).
138
Let v(f) = 3*f**2 - 106*f + 902. Give v(15).
-13
Let j(b) = -26*b**2 + 251*b - 757. Determine j(3).
-238
Let p(u) = -39*u - 1000. Give p(-27).
53
Let u(w) = -29*w**2 - 1564*w + 99. Calculate u(-54).
-9
Let n(s) = s**2 - 10*s - 39. Calculate n(16).
57
Let i(b) = -165*b**3 + 6269*b**2 + 36*b + 71. Determine i(38).
-5
Let f(t) = -t**3 - 93*t**2 - 344*t + 1052. What is f(-89)?
-16
Let r(z) = z**3 + 24*z**2 - 3*z + 48. Determine r(-24).
120
Let b(d) = -90*d + 10086. What is b(112)?
6
Let w(z) = z**3 - 41*z**2 - 84*z + 22. Give w(43).
108
Let p(j) = 3*j**2 + 327*j + 51. Calculate p(-109).
51
Let q(h) = -h**2 - 56*h - 561. Give q(-20).
159
Let i(d) = -3*d**3 + 7*d**2 + 96*d + 17. Determine i(7).
3
Let d(l) = 3*l**3 - 243*l**2 + 239*l - 87. Determine d(80).
-167
Let j(a) = -a**3 - 74*a**2 + 219*a - 897. Give j(-77).
27
Let u(l) = -l**3 + 41*l**2 - 29*l - 502. Determine u(40).
-62
Let u(v) = -v**3 + 77*v**2 - 1456*v - 188. Calculate u(34).
16
Let u(q) = -q**2 - 172*q - 3047. Give u(-20).
-7
Let a(r) = r**2 + 49*r - 1299. What is a(17)?
-177
Let u(s) = 2*s**3 - 2*s**2 - 2*s - 4. Give u(3).
26
Let s(j) = 196*j - 33127. What is s(169)?
-3
Let m(l) = l**3 + 6*l**2 - 3*l + 44. Calculate m(-7).
16
Let y(k) = -14*k + 49. Calculate y(-11).
203
Let l(f) = -2*f**3 + f**2 - 30*f - 11. Calculate l(0).
-11
Let g(z) = -34*z + 635. Determine g(20).
-45
Let v(b) = 68*b + 27809. What is v(-409)?
-3
Let l(s) = s**2 + 137*s + 4324. What is l(-87)?
-26
Let q(v) = -2*v**2 + 11*v + 9. What is q(-1)?
-4
Let g(l) = -177*l - 9371. Calculate g(-53).
10
Let d(p) = -116*p - 25283. Give d(-218).
5
Let v(m) = m**3 + 8*m**2 - 80*m - 382. Calculate v(-12).
2
Let i(l) = -33*l**3 + l**2 - l - 19. Give i(2).
-281
Let o(s) = -s**3 + 10*s**2 + 24*s. What is o(12)?
0
Let f(n) = -n**2 - 30*n - 103. Calculate f(-9).
86
Let l(m) = -98*m + 9171. Give l(94).
-41
Let v(x) = -5*x**2 - 90*x + 581. Determine v(-23).
6
Let k(a) = -2*a**3 + 202*a**2 - 2858*a + 28. Calculate k(17).
-6
Let k(q) = -136*q - 7135. Give k(-52).
-63
Let p(c) = -139*c + 331. Calculate p(7).
-642
Let t(r) = r**2 + 18*r - 1208. Determine t(-44).
-64
Let k(a) = 206*a - 673. What is k(0)?
-673
Let n(c) = 847*c - 1717. What is n(2)?
-23
Let c(m) = -m**3 - 4*m**2 + 9*m - 18. Give c(-6).
0
Let u(m) = 6*m**2 - 148*m + 122. Calculate u(24).
26
Let z(l) = 54*l - 482. What is z(9)?
4
Let z(w) = w**3 - 28*w**2 - 45*w + 115. What is z(29)?
-349
Let y(q) = -2*q**3 - 9*q**2 - 13*q - 16. Determine y(-5).
74
Let k(j) = j**3 - 15*j**2 + 28*j - 11. What is k(12)?
-107
Let c(w) = 3*w**2 + 81*w - 586. Calculate c(6).
8
Let f(i) = i**3 + 15*i**2 + 23*i + 127. Give f(-14).
1
Let p(c) = -99*c - 4386. Give p(-46).
168
Let r(t) = -8*t**3 - 24*t**2 + 16*t + 87. Calculate r(-2).
23
Let y(o) = o**3 + 59*o**2 - 30*o - 1475. What is y(-59)?
295
Let i(t) = -t**2 - 185*t - 729. What is i(-4)?
-5
Let c(d) = -4*d**2 - 16*d + 40. Calculate c(-7).
-44
Let s(b) = -311*b + 619. Calculate s(2).
-3
Let m(p) = -p**3 - 184*p**2 + 553*p - 1478. What is m(-187)?
18
Let z(p) = 2*p**3 - 89*p**2 - 44*p + 56. Determine z(45).
101
Let h(a) = -a**2 + 81*a - 524. What is h(74)?
-6
Let b(y) = -88*y + 2382. Give b(27).
6
Let v(f) = -2*f**3 - 27*f**2 - 9*f - 53. Determine v(-13).
-105
Let u(l) = l**2 + 105*l + 518. Determine u(-